- w + 3 + 4*n. What is r(1)?
1
Let b(u) be the second derivative of -1/20*u**5 - 1/3*u**4 + 1/3*u**3 + 43*u - 2*u**2 + 0. What is b(-5)?
11
Let z be 1/(-2) + 88/16. Let f(m) = m**3 - 6*m**2 + 5*m - 3. Determine f(z).
-3
Let m(d) = d**2 + 19*d + 74. Let g be m(-5). Let s(h) be the first derivative of -h - 1/2*h**2 - 2. Determine s(g).
-5
Let c(v) = -v**3 - 8*v**2 - 7*v - 3. Let h(n) = -2*n - 19. Let o be h(-13). Suppose o = -5*r - 4*s - 8, 3*r + 41 = 4*s. Give c(r).
-3
Let j(v) = -v**2 - 5*v + 4. Let r be 5*6 + 18 + -18. Suppose 28*z = r*z + 12. What is j(z)?
-2
Let w(z) be the second derivative of -z**5/20 - z**4/6 - 2*z**3/3 - 5*z**2/2 + z - 28. What is w(-3)?
16
Let r(s) = -5*s**2 + 15*s - 4. Let h(c) = -6*c**2 + 17*c - 3. Let i(o) = 4*h(o) - 5*r(o). Give i(6).
2
Let k(p) = -29*p**2 + 15*p + 4. Let a(h) = -14*h**2 + 7*h + 2. Let c(f) = 13*a(f) - 6*k(f). Give c(-1).
-7
Let g be 4 - 2*(-9)/6. Suppose -2*a = -5*a + 3. Let c = a - g. Let z(w) = -2*w - 9. Give z(c).
3
Suppose 0*x + 9 = 3*x. Let n(f) = 462*f - 1390*f + 2*f**2 - 4 + 458*f + 467*f. Determine n(x).
5
Let i = -3 - -3. Let m be ((-26)/6)/(2/(-6)). Suppose m = b - 2*b + 3*g, i = 3*g - 9. Let x(v) = v**2 + 6*v + 5. What is x(b)?
-3
Suppose 0 = 2*n - 4 - 0. Let q(w) = w - 4*w - w**2 - 6 + 3*w**2 - 3*w**n. What is q(-4)?
-10
Let q(u) = -u**3 + u**2 + u - 9. Let j = 80 - 42. Let p be 2/(-3 + 118/j). Let y = p - 19. Give q(y).
-9
Let g(b) = -8 + 8*b**2 + b - 5*b + 13*b + b**3. Determine g(-7).
-22
Let c(f) = -f**2 - f + 3. Let u be c(0). Let o(i) = -i**2 + 2*i + 1. Let x(q) = -2*q**2 + 6*q + 8. Let y(m) = -5*o(m) + x(m). What is y(u)?
18
Let c(m) = -m + 5. Let n(h) = -4*h - 82. Let o be n(-26). Let k be (-2)/(-6)*(11 + o). Give c(k).
-6
Let o(r) = 10*r + 5. Let d(z) = 19*z + 11. Let f(y) = -4*d(y) + 9*o(y). Determine f(-1).
-13
Let h(d) = 5*d + 1. Suppose -9 = 5*p - 4*z, p - 6*p = -3*z + 13. Let y be 7/((-28)/(-16)) + p. Give h(y).
-4
Suppose 5*q - 36 = 3*b, -2*b - 4 + 0 = 0. Let k(o) = -o**3 + 6*o**2 + o - 6. Determine k(q).
0
Suppose 0 = 3*b + 56 + 76. Let m = -25 - b. Let u(z) = z + 2*z + m - 26. Determine u(5).
8
Let m(l) = -6 + 111*l - 36*l - 37*l - 41*l. Determine m(-5).
9
Let r(l) be the second derivative of -l**6/120 + l**5/60 + l**4/24 - 2*l**3/3 - 4*l**2 - 36*l. Let i(q) be the first derivative of r(q). Give i(3).
-19
Let u(g) = -59*g**3 + g + 2*g**2 - 2*g**2 + 58*g**3 + 8 + g**2. Let k(v) = -v**2 - 9*v - 8. Let p be k(-8). What is u(p)?
8
Let l(k) = 5*k**2 + 14*k + 6. Let j(x) = -26*x**2 - 71*x - 31. Let f(p) = 4*j(p) + 21*l(p). Suppose 0 = -4*r - 5*h - 46, -2*r + 6 = 3*h + 30. Determine f(r).
-7
Suppose 0 = -6*n + 807 - 801. Let h(r) be the first derivative of 7*r**2/2 + r - 3. Calculate h(n).
8
Let b(y) = -4*y - 15. Let q = 3 - -10. Let d(i) = 2*i + 7. Let v(m) = q*d(m) + 6*b(m). What is v(3)?
7
Suppose 93 - 159 = 11*k. Let j(c) = 2*c + 7. What is j(k)?
-5
Let q(j) be the second derivative of -j**5/20 + 5*j**4/12 - j**3/3 - 2*j**2 - 90*j. What is q(3)?
8
Let q be -3 + ((-258)/(-2))/3. Let o = q - 46. Let m(u) = -u**2 - 5*u + 4. Give m(o).
-2
Let q = 30 + -137. Let g = 109 + q. Let c(n) = 3*n - 1 - 3*n + 3*n - 2*n**2. What is c(g)?
-3
Let k be (-10)/4*12/(-15). Let b(l) = -l**2 + 9*l + k*l**2 - 2*l**2 - 3. Give b(7).
11
Let q(i) = i**3 + 5*i**2 + 3*i + 4. Suppose -5*h = 2*d + 25, 5*d - 2*h - 3*h = -10. Determine q(d).
-11
Let c = 24 - 22. Let u(s) = -6*s - s**2 - 10 + 18 - s**3 + 7*s**c - 6. Calculate u(5).
-3
Let p(t) = -t**3 - 5*t**2 - t - 3. Let l = 1 - 6. Let x be p(l). Let j(i) = 7 - 4*i - 3*i**2 + x*i**2 - 4. Determine j(-5).
-2
Let c = 17 - 17. Let y(m) = 6 + c*m**3 - 3*m + 4*m**2 + 0*m**3 + m**3. Determine y(-5).
-4
Suppose 10*k = 4*k. Suppose 5*s - 2*o - 37 - 1 = 0, k = -4*s + 5*o + 44. Let i(z) = -z**2 + 7*z - 5. Determine i(s).
1
Let b(i) = i**2 + 5*i - 5. Let t = 340 + -347. Determine b(t).
9
Let g be (0 + -4 + 3)*1 + -1. Let a(w) be the third derivative of w**6/60 + w**5/30 - w**4/12 + w**2. Calculate a(g).
-4
Let g(n) = -5*n + 19. Let h(z) = -4*z + 21. Let q(m) = 3*g(m) - 4*h(m). Determine q(17).
-10
Let h(u) = -23*u - 3. Let f(o) = 26*o + 4. Let g(x) = 6*f(x) + 7*h(x). What is g(1)?
-2
Suppose 0 = -135*t + 128*t + 21. Let y(k) = 5*k**2 + 3*k - t*k + 28 + k**3 - k - 26. What is y(-5)?
7
Let q(p) = 14*p**2 + 77*p + 38. Let b(r) = 5*r**2 + 27*r + 13. Let l(g) = 17*b(g) - 6*q(g). What is l(5)?
3
Let q(y) be the third derivative of -y**5/60 + y**4/4 + y**3/6 - 21*y**2 + 4. What is q(7)?
-6
Let j(p) = -2*p**2 - p - 1. Let i(b) = -b**3 - 11*b**2 - 3*b + 3. Let o(w) = i(w) - 3*j(w). Give o(-5).
6
Let h(x) be the first derivative of x**4/4 + 8*x**3/3 - 10*x**2 + 7*x + 101. Calculate h(-10).
7
Suppose 0 = 3*q - 2*a - 2968, 2*q = -0*a + 4*a + 1976. Let g be 2/(-9) - q/(-81). Suppose -2*j - j = g. Let u(m) = -m**2 - 5*m + 2. Determine u(j).
6
Let q(l) = -l + 2. Let k(n) = n**2 + 5*n - 1. Let c be k(-5). Give q(c).
3
Let j(v) = -8*v + 40. Let z be j(6). Let o(i) = 2*i - 5. Give o(z).
-21
Let q(k) = -7*k**2 + 1. Suppose -57*y = -23*y - 34. Determine q(y).
-6
Let y(i) be the first derivative of -i**4/4 + 2*i**3/3 + 5*i**2/2 + i + 449. Let k be 4/10 - (-36)/10. What is y(k)?
-11
Let v(u) = u**2 + 19. Let s(t) = -t**2 - 2*t - 20. Let q(p) = 6*s(p) + 5*v(p). What is q(-10)?
-5
Suppose -8435*c = -8442*c - 49. Let k(l) = l**3 + 8*l**2 + 5*l - 18. Determine k(c).
-4
Let h(y) = -y**2 + 2*y + 2. Let n be 4/3*(-36)/24. Determine h(n).
-6
Let a be (30/9)/(3/(-9)). Let z = a + 15. Let h(w) = -5*w**2 + 6*w + 1. Let r(k) = 7*k**2 - 8*k - 2. Let g(t) = -3*h(t) - 2*r(t). Calculate g(z).
16
Let v(k) be the first derivative of -k**4/24 - k**3/3 + 7*k**2/2 - 8. Let r(u) be the second derivative of v(u). Let h = -6 + 4. What is r(h)?
0
Suppose -4*t + 33 = 5. Let n be ((-2)/(-4))/(t/126). Let y(a) = -a**3 + a. Let u(s) = -4*s**3 - 8*s**2 - 2*s - 12. Let i(g) = u(g) - 5*y(g). Determine i(n).
6
Let h(d) = -d + 5. Let m(u) = -u**3 - 17*u**2 - 16*u + 5. Let k be m(-16). Determine h(k).
0
Suppose -3*u = -5*u + 4*l + 54, -71 = -3*u - 4*l. Let b(s) = -u*s + 3 + 11*s + 13*s. What is b(-4)?
7
Let i = -340 + 341. Let p(g) = 29*g**3 + 2*g**2 - 1. Determine p(i).
30
Let f(o) = -o**3 - o**2 + o + 1. Suppose 0 = 269*s - 226*s + 43. Give f(s).
0
Let o(a) = -10*a**2 + 3*a - 1. Suppose 12*v - 7 = 8*v - s, 0 = 3*v - s. Determine o(v).
-8
Let l(d) = d**3 + d**2 + d - 1. Let z(g) = -21*g**3 - 3*g**2 - 3*g + 3. Let t(a) = 4*l(a) + z(a). Calculate t(1).
-16
Let u(r) be the third derivative of r**5/30 + r**4/3 - r**3 - 34*r**2 - r. What is u(-6)?
18
Let r(v) = -7*v + 1 + 153*v**2 + 157*v**2 + 0*v**3 - 466*v**2 + v**3 + 150*v**2. Determine r(7).
1
Let z(r) be the first derivative of r**4/4 - 4*r**3/3 - 5*r**2/2 + 4*r + 6. Let a = -18 + 22. Suppose 0 = 2*w - t - a, 0 = 4*w + 4*t - 0 - 32. Give z(w).
-16
Let n(l) = -5*l + 10. Let u(j) = -6*j + 12. Let w(r) = 4*n(r) - 3*u(r). Determine w(-7).
18
Let c(v) be the second derivative of -v**6/360 + v**5/24 + v**4/24 - v**3/2 + 2*v**2 + 21*v. Let g(x) be the second derivative of c(x). Calculate g(4).
5
Suppose -4*s + 42 = -10. Let l = s + -16. Let d(v) = -v**2 - 4*v + 1. Give d(l).
4
Let k(x) = -x + 2. Let c(i) = -i**2 - 21*i - 48. Let f = 74 - 92. Let m be c(f). Give k(m).
-4
Let p(r) = -38*r**2 - 9*r + 7 + 20*r**2 + 17*r**2. What is p(-6)?
25
Let x(g) = -g**3 - 5*g**2 + 6*g + 3. Let s = 5 + -17. Let u be (-32)/s*9/(-4). Give x(u).
3
Let f(i) = i**2 - 7*i + 8. Let v be (-378)/(-56) - -1*(-1)/(-4). What is f(v)?
8
Let a(j) be the second derivative of -j**4/24 + j**3 + 11*j**2/2 + 14*j. Let l(s) be the first derivative of a(s). Calculate l(-5).
11
Let y(s) be the third derivative of s**4/24 + s**3/6 + 111*s**2. What is y(2)?
3
Let w(t) = -2 - t**2 - 49*t + 99*t - 57*t - 3. Determine w(-6).
1
Suppose w + 32 = -5*c, 3*c + 2*w - 2 + 24 = 0. Let v(n) = 7*n**2 + 11*n + 5. Let t(m) = m**2 + m + 1. Let j(o) = 6*t(o) - v(o). Determine j(c).
-5
Let i be ((-2)/1 + 1)*-2. Suppose 40 = 2*m - l, -14 = -m - l - 0*l. Suppose b + 3*o = -2*o - m, 5*b = i*o + 18. Let h(s) = -s**2 - s + 2. Give h(b).
-4
Suppose 3*s - d - 2*d = 0, -5*d = -4*s. Suppose -j - n - 2 = -4, 2*n = -j - 2. Let y be s*(1 + j/(-4)). Let b(f) = f - 6. Give b(y).
-6
Let z(j) = 16*j - 1. Suppose 4*x - s = 4*s - 4, -2 = 2*x - 4